 28. Calculate the highest common factor of b and q.
28
Let n(y) = -y**3 - 29*y**2 - 26*y + 58. Suppose 0 = 21*j - 2*j + 532. Let p be n(j). What is the greatest common divisor of 17 and p?
1
Suppose 0 = 3*l - 169*h + 164*h - 434, l + h = 142. Suppose 0 = d - 1 - 12. What is the greatest common factor of l and d?
13
Let r be 10/(-45)*(-17 + -1). Suppose 5*v + g = v + 148, -r*v + 132 = 5*g. What is the greatest common factor of v and 247?
19
Suppose -t = 3*s - 259, -5*t - s + 3*s + 1295 = 0. What is the highest common factor of 1147 and t?
37
Let p(g) = 156*g - 39. Let l be p(4). Suppose -26*n + l = 13*n. Calculate the highest common divisor of n and 345.
15
Let b = 26099 - 19799. What is the greatest common factor of 1512 and b?
252
Let s = -2334 + 7397. What is the greatest common divisor of 122 and s?
61
Let j(i) = -1 - 77*i + 0 - 3. Let p be j(-4). Suppose 5*n + 5*l - 63 - 77 = 0, -2*n + 5*l = -126. What is the highest common factor of n and p?
38
Suppose 0*b + 2*b = -2*f + 234, 4*b = -2*f + 468. Suppose 9079 - 4651 = -608*w + 26316. Calculate the greatest common divisor of w and b.
9
Let c = 147 + -147. Suppose c = -4*y - 4*f + 1648, -2*y + 5*f - 42 + 873 = 0. What is the highest common divisor of 59 and y?
59
Let x(h) = 6*h**2 - 18*h + 20. Let u be x(5). Suppose -4*f = -3*r + u, -5*r - f + 95 = -0*f. What is the highest common factor of 200 and r?
20
Suppose 2*a + 0*a = 16. Let o(j) = -5*j + 40. Let l be o(7). Suppose 0 = -i + l*x + 9, -x + 5*x = 5*i - 24. Calculate the greatest common divisor of i and a.
4
Suppose 0 = 3*t + 2*s - 24, -t - 3*s = 2*s - 21. Suppose 1334 = t*u - 232. What is the greatest common divisor of 29 and u?
29
Let t be (2 - 2) + 25 + 4 + -7. Suppose -4*f - 159 - 209 = 0. Let d = t - f. Calculate the highest common factor of 38 and d.
38
Let n(j) = 14*j - 2. Let x be n(3). Let t(c) = 2*c**2 + 60*c + 242. Let k be t(-27). Calculate the greatest common factor of x and k.
40
Suppose 39*j = 46345 + 153725. What is the greatest common factor of j and 76?
38
Let h be 77 - 1/(-1 - -2). Suppose 4*k - 4018 = -11*c, 900 = -k + 5*c + 1858. Calculate the highest common divisor of k and h.
76
Let l = 329 + 113. Let y(h) = -44*h - 274. Let m be y(-7). Calculate the highest common factor of l and m.
34
Let s(j) = j**2 - 29*j + 286. Let i be s(16). What is the highest common divisor of 1924 and i?
26
Suppose -450 = -132*i + 117*i. Let l(r) = r**2 + r + 14. Let b be l(-5). Let v be (255/b)/(2/20). What is the greatest common factor of v and i?
15
Suppose -179*t = -81*t - 3430. Let s(f) = f**2 - 4*f - 2. Let x be s(6). Calculate the greatest common divisor of x and t.
5
Suppose -18*u + 35825 - 10157 = 0. What is the highest common factor of 138 and u?
46
Let l be (-1 - -3)*3/(-6). Let i be (-108)/18 - (l + -353). What is the highest common factor of 12 and i?
12
Let n be (1 + 2)*(1 - 0). Let w be (-8)/8*(-11 - -7). Suppose -w*q + x + 38 = 0, 5 = 4*x - n. What is the highest common factor of 30 and q?
10
Let a(d) = -d**2 + 2*d + 8. Let z be (-24)/28*(-28)/6. Let f be a(z). Let v be f - 3 - (-9 - -1). What is the highest common factor of 10 and v?
5
Let c(j) = j**3 - 41*j**2 + 43*j - 125. Let b be c(40). Let o(v) = 5*v**2 + 22*v - 2. Let m be o(b). Calculate the highest common divisor of m and 208.
13
Let o(l) = l**3 - 15*l**2 + l - 4. Let b be o(16). Suppose i + 4*g = b, -2*g + 13 - 7 = 0. Calculate the highest common divisor of 8 and i.
8
Suppose -51*z - 10280 = -19154. Calculate the highest common divisor of 38802 and z.
174
Let c(n) = 44*n + 107. Let h be c(6). Suppose 0 = -7*d - 153 + 524. Calculate the highest common divisor of d and h.
53
Let x = -1815 - -1825. Calculate the highest common divisor of 310 and x.
10
Suppose 6 = 5*q - c, 2*q + c = -0*c + 1. Let g be (q - -89)/(2*1). What is the highest common divisor of 27 and g?
9
Suppose 17*c - 2268 = -37*c. Let n be 6/(-15) - (-106)/(-10). Let s = n - -18. What is the greatest common divisor of s and c?
7
Suppose 10*p - 137*p = -291973. What is the highest common factor of 76 and p?
19
Let r(b) = b**3 - b**2 + 2*b + 378. Let t be r(0). Let y be ((-80)/3)/(-4*7/t). Calculate the highest common divisor of y and 40.
40
Suppose 5*z - 5 = -2*t - 3, 2*t - 2 = 0. Suppose 10*r - 3*r - 14 = z. Suppose 2*b = 4*x + 8, 5*x = b + r + 9. Calculate the highest common divisor of 224 and b.
14
Suppose 56*f - 384 = -48. Calculate the greatest common divisor of f and 1176.
6
Let v(o) = -8*o - 132*o**2 + 1 - 33 + 133*o**2. Let g be v(-3). Calculate the greatest common factor of 5 and g.
1
Let n(g) = -40*g - 6. Let f be n(-1). Suppose -45*v + 51*v - 714 = 0. Calculate the highest common factor of v and f.
17
Suppose 32 = 7*a - 38. Suppose 4*j - 47 = p, a*p = -2*j + 14*p + 6. Calculate the highest common factor of 1 and j.
1
Let x be (9 + (-36)/(-20))*5 + -6. What is the highest common divisor of 9 and x?
3
Let k be 710/25*(-325)/(-26). Calculate the greatest common factor of k and 20.
5
Suppose -18*w - 6717 = -22377. Calculate the greatest common divisor of w and 1218.
174
Let r(l) = 178*l**2 - 13. Let s be r(-4). What is the greatest common factor of s and 70?
35
Let j(k) = k**2 + 143*k - 1103. Let q be j(8). Suppose s + 0*s = 60. Calculate the highest common factor of s and q.
15
Suppose 0 = -20*q + 17*q + 90. Let v = -1 + 21. Suppose -90 = -22*c + v*c. What is the highest common factor of c and q?
15
Suppose -c = -5*m + 204, -c - 4 = -0. Let n(k) = -k - 1. Let d be n(-5). Suppose 14 = g + d. Calculate the highest common factor of g and m.
10
Let r be 12*-7*4/(-112). Suppose 0 = -5*f + 4*b - 5*b + 1075, r*b + 663 = 3*f. Calculate the highest common divisor of 27 and f.
27
Let f = 14442 + 582. What is the greatest common divisor of 8 and f?
8
Suppose 96*t + 20313 = 105*t. Calculate the highest common factor of 37 and t.
37
Let k(c) = c**3 - 9*c**2 - 25*c + 32. Let m be k(15). What is the greatest common factor of 265 and m?
53
Let o = -662 + 1025. Suppose -o = -0*d - 11*d. Calculate the greatest common factor of d and 264.
33
Suppose -110075 = -154*q + 46*q - 77*q. What is the greatest common factor of 1530 and q?
85
Let l be 9*3 + (-1 - -1). Suppose 0 = 3*c - 4*i - 50, -19*i - 67 = -4*c - 14*i. Let k be 241 - (c/(-1))/9. Calculate the highest common divisor of l and k.
27
Suppose 0 = o - 3*v - 15, 5*v = -2*o + 43 + 31. Let d(s) = -11*s - 63. Let f be d(-9). Calculate the highest common divisor of o and f.
9
Let d(p) be the first derivative of 7*p**2/2 - 28*p - 2. Let f be d(4). Suppose 3*b = -f*b + 240. What is the highest common factor of 16 and b?
16
Let x = 4836 - 3932. What is the greatest common divisor of 1582 and x?
226
Let s be (-1270)/(-7) - (-18)/(-42). Suppose 8 = 7*x - s. Calculate the highest common divisor of 54 and x.
27
Suppose -2*d = d + d. Suppose d*h - 3 = -h. Suppose -h*n - 7*i = -2*i - 106, 2*n - 72 = -3*i. What is the greatest common factor of 14 and n?
14
Let a = 3890 - 803. Calculate the greatest common divisor of a and 21.
21
Suppose 0 = -96*f + 30323 + 86317. Calculate the greatest common factor of f and 60.
15
Let h be (-1)/(-2 - ((-1197)/(-90))/(-7)). Calculate the highest common factor of 2 and h.
2
Let i(m) = -493*m + 10870. Let t be i(-47). Calculate the highest common divisor of t and 21.
21
Let t be (16*(-9)/(-45))/(5/150). Calculate the greatest common factor of t and 288.
96
Suppose 9*o = 3*b + 7*o - 20, 2*o = -2*b. Suppose -305 + 25 = -b*z. Calculate the highest common factor of 10 and z.
10
Let s(q) = 23*q - 25. Let x(b) = 16*b - 16. Let f(y) = 5*s(y) - 8*x(y). Let t be f(-10). What is the highest common divisor of t and 57?
19
Suppose -23 = -2*t - 3. Suppose 13*h - 21 = t*h. Suppose -27 = -h*m + 22. What is the highest common divisor of m and 21?
7
Suppose 0 = 2*x - 514 - 8. Suppose 3*c + 4*v = 5*v + 267, 3*c + v - x = 0. What is the greatest common factor of 24 and c?
8
Suppose 2*i + 6*s - 47 = s, -i - 4*s + 25 = 0. Let g be 3 + ((-42)/5)/((-90)/27300). Suppose 13*o - g + 94 = 0. Calculate the highest common divisor of i and o.
21
Let v = -10865 - -10877. What is the highest common factor of 3012 and v?
12
Suppose 2*t = -4*g + 43016, 2*g = g + 2*t + 10769. Calculate the highest common divisor of g and 31.
31
Suppose -5*q = -9 - 11. Let s be ((-3)/q)/(2/(-1